.
2, 3, 37
What are the prime factors of 2952?
2, 3, 41
What are the prime factors of 35752?
2, 41, 109
What are the prime factors of 2810?
2, 5, 281
List the prime factors of 4766.
2, 2383
List the prime factors of 445.
5, 89
List the prime factors of 12735.
3, 5, 283
What are the prime factors of 1788?
2, 3, 149
What are the prime factors of 955?
5, 191
List the prime factors of 17112.
2, 3, 23, 31
What are the prime factors of 1879?
1879
List the prime factors of 8944.
2, 13, 43
What are the prime factors of 3157?
7, 11, 41
List the prime factors of 1003.
17, 59
List the prime factors of 26870.
2, 5, 2687
What are the prime factors of 1180?
2, 5, 59
What are the prime factors of 2817?
3, 313
List the prime factors of 1145.
5, 229
What are the prime factors of 7908?
2, 3, 659
List the prime factors of 2165.
5, 433
What are the prime factors of 1359?
3, 151
What are the prime factors of 337?
337
List the prime factors of 20520.
2, 3, 5, 19
What are the prime factors of 78712?
2, 9839
What are the prime factors of 9097?
11, 827
What are the prime factors of 534?
2, 3, 89
What are the prime factors of 11636?
2, 2909
List the prime factors of 803.
11, 73
List the prime factors of 1158.
2, 3, 193
List the prime factors of 8533.
7, 23, 53
What are the prime factors of 3763?
53, 71
What are the prime factors of 909?
3, 101
What are the prime factors of 9?
3
What are the prime factors of 9468?
2, 3, 263
List the prime factors of 100971.
3, 13, 863
List the prime factors of 36633.
3, 12211
What are the prime factors of 17089?
23, 743
List the prime factors of 307.
307
What are the prime factors of 54675?
3, 5
What are the prime factors of 2612?
2, 653
What are the prime factors of 23842?
2, 7, 13, 131
What are the prime factors of 1942?
2, 971
List the prime factors of 7287.
3, 7, 347
What are the prime factors of 7313?
71, 103
What are the prime factors of 8050?
2, 5, 7, 23
What are the prime factors of 3322?
2, 11, 151
What are the prime factors of 379?
379
List the prime factors of 5168.
2, 17, 19
What are the prime factors of 31364?
2, 7841
What are the prime factors of 9318?
2, 3, 1553
What are the prime factors of 1190?
2, 5, 7, 17
List the prime factors of 50647.
50647
List the prime factors of 879.
3, 293
List the prime factors of 52525.
5, 11, 191
What are the prime factors of 1290?
2, 3, 5, 43
List the prime factors of 12862.
2, 59, 109
What are the prime factors of 2062?
2, 1031
What are the prime factors of 725?
5, 29
What are the prime factors of 15172?
2, 3793
What are the prime factors of 30490?
2, 5, 3049
List the prime factors of 139486.
2, 97, 719
List the prime factors of 20009.
11, 17, 107
List the prime factors of 1878.
2, 3, 313
List the prime factors of 29378.
2, 37, 397
What are the prime factors of 88925?
5, 3557
What are the prime factors of 404?
2, 101
What are the prime factors of 36836?
2, 9209
What are the prime factors of 18513?
3, 11, 17
List the prime factors of 496.
2, 31
List the prime factors of 4716.
2, 3, 131
List the prime factors of 163544.
2, 20443
List the prime factors of 8753.
8753
What are the prime factors of 1433?
1433
List the prime factors of 4274.
2, 2137
What are the prime factors of 78484?
2, 7, 2803
What are the prime factors of 515?
5, 103
What are the prime factors of 682?
2, 11, 31
What are the prime factors of 40242?
2, 3, 19, 353
List the prime factors of 164270.
2, 5, 16427
List the prime factors of 46442.
2, 11, 2111
List the prime factors of 53182.
2, 26591
What are the prime factors of 20121?
3, 19, 353
What are the prime factors of 94803?
3, 31601
List the prime factors of 98314.
2, 49157
What are the prime factors of 7803?
3, 17
List the prime factors of 141749.
23, 6163
List the prime factors of 554.
2, 277
List the prime factors of 4108.
2, 13, 79
List the prime factors of 2790.
2, 3, 5, 31
What are the prime factors of 576?
2, 3
List the prime factors of 125338.
2, 29, 2161
List the prime factors of 66326.
2, 13, 2551
What are the prime factors of 22200?
2, 3, 5, 37
List the prime factors of 32869.
32869
What are the prime factors of 399?
3, 7, 19
List the prime factors of 1385.
5, 277
What are the prime factors of 913?
11, 83
What are the prime factors of 647?
647
List the prime factors of 45042.
2, 3, 7507
What are the prime factors of 19052?
2, 11, 433
List the prime factors of 30458.
2, 97, 157
List the prime factors of 1684.
2, 421
What are the prime factors of 17352?
2, 3, 241
What are the prime factors of 578?
2, 17
What are the prime factors of 15720?
2, 3, 5, 131
What are the prime factors of 80?
2, 5
What are the prime factors of 1062?
2, 3, 59
List the prime factors of 16.
2
What are the prime factors of 397?
397
List the prime factors of 63574.
2, 7, 19, 239
What are the prime factors of 4871?
4871
List the prime factors of 3555.
3, 5, 79
What are the prime factors of 581?
7, 83
What are the prime factors of 1533?
3, 7, 73
List the prime factors of 56335.
5, 19, 593
What are the prime factors of 5719?
7, 19, 43
List the prime factors of 30.
2, 3, 5
List the prime factors of 25420.
2, 5, 31, 41
What are the prime factors of 15608?
2, 1951
List the prime factors of 8366.
2, 47, 89
List the prime factors of 9871.
9871
List the prime factors of 62987.
62987
What are the prime factors of 16750?
2, 5, 67
List the prime factors of 35265.
3, 5, 2351
List the prime factors of 7574.
2, 7, 541
List the prime factors of 110538.
2, 3, 23, 89
List the prime factors of 417.
3, 139
List the prime factors of 4872.
2, 3, 7, 29
List the prime factors of 285.
3, 5, 19
List the prime factors of 6785.
5, 23, 59
List the prime factors of 56631.
3, 43, 439
What are the prime factors of 33334?
2, 7, 2381
What are the prime factors of 3024?
2, 3, 7
What are the prime factors of 175583?
71, 2473
List the prime factors of 7470.
2, 3, 5, 83
List the prime factors of 931.
7, 19
What are the prime factors of 895?
5, 179
What are the prime factors of 1907?
1907
List the prime factors of 14986.
2, 59, 127
What are the prime factors of 17635?
5, 3527
List the prime factors of 32923.
11, 41, 73
What are the prime factors of 935?
5, 11, 17
List the prime factors of 32029.
32029
What are the prime factors of 9611?
7, 1373
What are the prime factors of 36298?
2, 18149
What are the prime factors of 2623?
43, 61
List the prime factors of 28655.
5, 11, 521
List the prime factors of 2505.
3, 5, 167
List the prime factors of 10263.
3, 11, 311
List the prime factors of 14325.
3, 5, 191
List the prime factors of 980.
2, 5, 7
List the prime factors of 928.
2, 29
List the prime factors of 527.
17, 31
What are the prime factors of 65604?
2, 3, 7, 11, 71
What are the prime factors of 6308?
2, 19, 83
What are the prime factors of 3110?
2, 5, 311
What are the prime factors of 6917?
6917
What are the prime factors of 8285?
5, 1657
What are the prime factors of 853?
853
What are the prime factors of 45835?
5, 89, 103
What are the prime factors of 3179?
11, 17
List the prime factors of 3784.
2, 11, 43
What are the prime factors of 103055?
5, 20611
What are the prime factors of 89426?
2, 61, 733
What are the prime factors of 946?
2, 11, 43
List the prime factors of 480.
2, 3, 5
What are the prime factors of 44079?
3, 7, 2099
List the prime factors of 104607.
3, 59, 197
What are the prime factors of 2872?
2, 359
What are the prime factors of 1460?
2, 5, 73
What are the prime factors of 36208?
2, 31, 73
What are the prime factors of 101364?
2, 3, 8447
What are the prime factors of 291?
3, 97
List the prime factors of 20347.
20347
What are the prime factors of 2601?
3, 17
What are the prime factors of 5576?
2, 17, 41
List the prime factors of 1138.
2, 569
List the prime factors of 3240.
2, 3, 5
What are the prime factors of 28921?
28921
List the prime factors of 20323.
20323
List the prime factors of 3709.
3709
What are the prime factors of 29923?
23, 1301
What are the prime factors of 981?
3, 109
What are the prime factors of 8907?
3, 2969
List the prime factors of 1858.
2, 929
What are the prime factors of 927?
3, 103
What are the prime factors of 13047?
3, 4349
List the prime factors of 26468.
2, 13, 509
List the prime factors of 14459.
19, 761
What are the prime factors of 6588?
2, 3, 61
List the prime factors of 10353.
